4, what is 1a - -9517c?
95198
In base 5, what is 12400043 + -1200?
12343343
In base 14, what is -204 - c122?
-c326
In base 6, what is -3 + 32052521001?
32052520554
In base 8, what is 5045404 - 4?
5045400
In base 6, what is -1053050510 - 0?
-1053050510
In base 4, what is -20321 + -1100210100?
-1100231021
In base 10, what is -1766369 + 91?
-1766278
In base 2, what is 100100001 - -101001101011011011?
101001101111111100
In base 5, what is -40 - 20332224?
-20332314
In base 10, what is -9948189 + -5?
-9948194
In base 9, what is -671 + 3114274?
3113503
In base 2, what is 1 + -111110001100110011011?
-111110001100110011010
In base 13, what is -5 + 178015?
178010
In base 16, what is -bda7139 - 5?
-bda713e
In base 7, what is -51 + 1126535?
1126454
In base 5, what is -122341 + 244433?
122042
In base 13, what is 5 + 5993087?
599308c
In base 4, what is -2 + 22200313220003?
22200313220001
In base 11, what is -1944 - 1a58?
-38a1
In base 8, what is -11663341 - 112?
-11663453
In base 14, what is 2 - 4dd197?
-4dd195
In base 6, what is 132 - -4242503?
4243035
In base 6, what is -1 + -142330344?
-142330345
In base 3, what is 20201020121 + 222?
20201021120
In base 9, what is 214 - -60427?
60642
In base 13, what is -7a604 + 25?
-7a5ac
In base 16, what is 1df0 + 1bfd?
39ed
In base 8, what is 55233156 + 0?
55233156
In base 2, what is -100000 + -100101011110011001110?
-100101011110011101110
In base 4, what is 32230100 - -23232?
32313332
In base 2, what is -10 - -11101110010100110011?
11101110010100110001
In base 7, what is 130521146 + -4?
130521142
In base 2, what is 10 + -111111101000111110001?
-111111101000111101111
In base 14, what is -47047b - c?
-470489
In base 6, what is -452235 - -115?
-452120
In base 8, what is 3 + -10060356?
-10060353
In base 13, what is 26c - -2346?
25b5
In base 5, what is -122 - 3334313?
-3334440
In base 10, what is 2095914 + 18?
2095932
In base 2, what is 1010011 + -110100110110100010000?
-110100110110010111101
In base 4, what is -20003213113 - -112?
-20003213001
In base 11, what is 5039248a - 1?
50392489
In base 7, what is 2 + 60201445?
60201450
In base 16, what is -125c46c - -9?
-125c463
In base 2, what is -1000101101011000001 - 1110?
-1000101101011001111
In base 11, what is -526a9 - -227?
-52482
In base 6, what is 2040104243 + -4?
2040104235
In base 9, what is -170 + 14203105?
14202825
In base 7, what is -11311643 - 0?
-11311643
In base 5, what is 1131 + 1433311?
1434442
In base 3, what is -101 - -1122120010?
1122112202
In base 8, what is 62 + 10127037?
10127121
In base 12, what is -38a46454 - 9?
-38a46461
In base 4, what is 1112101312311230 - 11?
1112101312311213
In base 13, what is 5 + -2587ba48?
-2587ba43
In base 10, what is -1 + 1279666?
1279665
In base 6, what is 10 - 203144050?
-203144040
In base 14, what is 12 + 20bcc9?
20bcdb
In base 14, what is -84dd68 + 0?
-84dd68
In base 3, what is -1211211020011211120 + 1?
-1211211020011211112
In base 15, what is 94a513 - -2?
94a515
In base 9, what is -1 - 25145583?
-25145584
In base 5, what is 3134 - -140123?
143312
In base 8, what is -14312662 + -12?
-14312674
In base 10, what is 17752211 - 0?
17752211
In base 13, what is -70 + -b39051?
-b390c1
In base 9, what is -772406 - 1?
-772407
In base 10, what is 417916 + 591?
418507
In base 12, what is 4 - -8b074?
8b078
In base 7, what is 16614260 + 23?
16614313
In base 9, what is 360878 - -6882?
367871
In base 11, what is 34 + 3483033?
3483067
In base 15, what is 102 - 158d3?
-157d1
In base 13, what is -a4 + -a956?
-aa2a
In base 10, what is -2 - -252195143?
252195141
In base 16, what is -7c2a0 + -9f?
-7c33f
In base 8, what is 15706 + 5326?
23234
In base 11, what is -a5 - -3a119?
3a024
In base 7, what is 22215140 - 1?
22215136
In base 7, what is 32 + 16166352?
16166414
In base 11, what is -1622 - -86606?
84a94
In base 13, what is 2c9671 + 1?
2c9672
In base 13, what is 38a9b + 3bc?
3918a
In base 8, what is -2 + 23713151?
23713147
In base 6, what is 20521003135 - 2?
20521003133
In base 3, what is 2220122021212 + -221002?
2220121100210
In base 11, what is 743 - -50034?
50777
In base 12, what is 7 - 168182?
-168177
In base 15, what is 1b39 - 3bb2?
-2078
In base 14, what is 29a1646 + -1?
29a1645
In base 13, what is -8267085 + -2?
-8267087
In base 9, what is 117 - 108846?
-108728
In base 8, what is -1610517627 + -3?
-1610517632
In base 15, what is c84 + 2e24?
3ba8
In base 5, what is -10122 + -33224244?
-33234421
In base 10, what is 2576198 - 5?
2576193
In base 11, what is -17 - -230474?
230458
In base 4, what is -12031303312020 + -2?
-12031303312022
In base 8, what is -131554 + 762?
-130572
In base 8, what is -20673 + 204?
-20467
In base 10, what is -806 + 12752?
11946
In base 13, what is bc972 + -7?
bc968
In base 3, what is -10212220 - -10101212012?
10020222022
In base 13, what is 3 - -14c9973?
14c9976
In base 8, what is -3333 - -3227?
-104
In base 3, what is 22121022110120 - -120?
22121022111010
In base 10, what is -186 + -108052?
-108238
In base 8, what is 123206 - -216?
123424
In base 10, what is 4907 - 3279?
1628
In base 6, what is 143005252 + -31?
143005221
In base 3, what is 0 - -11212020220001210?
11212020220001210
In base 4, what is -301122 - 0?
-301122
In base 7, what is -244 + 644500?
644223
In base 13, what is 1a740 + 4045?
21785
In base 9, what is -22 - 30432?
-30454
In base 12, what is -3 - a093677?
-a09367a
In base 9, what is -16148455 + -13?
-16148468
In base 13, what is 646 + 482?
ac8
In base 9, what is -118134477 - -1?
-118134476
In base 7, what is -156 - -14002616?
14002430
In base 16, what is 1f + -141638?
-141619
In base 2, what is -1101101111011 + -1000011010111?
-10110001010010
In base 16, what is 9bc267a - -4?
9bc267e
In base 5, what is -4342142 - -111331?
-4230311
In base 7, what is -5 + -3504666412?
-3504666420
In base 3, what is -12000001 - -202222220?
120222212
In base 11, what is -459421a - -15?
-4594205
In base 14, what is -11 - -17b731?
17b720
In base 14, what is -3785982 - -10?
-3785972
In base 13, what is -15 + 236911?
2368c9
In base 15, what is 5 - a95465?
-a95460
In base 12, what is 10 + 157aa24?
157aa34
In base 2, what is -100010 + -1010101010110000011?
-1010101010110100101
In base 16, what is 5afb + 116e?
6c69
In base 12, what is -1a8 - -13426?
1323a
In base 4, what is -2011223 + 312003?
-1033220
In base 15, what is 1658 - -1351c?
14b75
In base 2, what is 1001110110101001001 + 101111000?
1001110111011000001
In base 14, what is -aa7 - bd30a?
-bddb3
In base 10, what is 6 - -744943?
744949
In base 8, what is 4 + -254200760?
-254200754
In base 7, what is 142344 - 516?
141525
In base 10, what is 265648808 + -2?
265648806
In base 9, what is -132001 - 515?
-132516
In base 15, what is -2 + 154ec75?
154ec73
In base 7, what is 2153 + 2632241?
2634424
In base 6, what is 1 - -315410435?
315410440
In base 15, what is -5e9 - -21b9?
1ac0
In base 7, what is 221012 - 2346?
215333
In base 11, what is 2773 - 11328?
-9665
In base 16, what is 1 - 81cd096?
-81cd095
In base 6, what is 113015 + -4234?
104341
In base 6, what is -14201104432 + 2?
-14201104430
In base 11, what is -42415 - -1469?
-40a57
In base 6, what is -5112 - -315513?
310401
In base 12, what is -191a72 + 36?
-191a38
In base 3, what is 2202 + -1211110111?
-1211100202
In base 15, what is 1952 - -158?
1aaa
In base 3, what is -111 + 1101112221002?
1101112220121
In base 5, what is 120 - -34212304?
34212424
In base 7, what is 52 - 4545362?
-4545310
In base 2, what is 1000010001101110110011011100 + -11?
1000010001101110110011011001
In base 14, what is -263d - 2cb4?
-5513
In base 6, what is -1255132554 - 3?
-1255133001
In base 5, what is 0 + 1011422233241?
1011422233241
In base 16, what is -1274454 - -7?
-127444d
In base 7, what is -2 - 35420111?
-35420113
In base 15, what is -3 + -8991abb?
-8991abe
In base 12, what is -46 - -2a1039?
2a0bb3
In base 14, what is -1240b + -169?
-12576
In base 4, what is -1020321103 - 0?
-1020321103
In base 10, what is 475 + -23119?
-22644
In base 4, what is 1012 - -111022010101?
111022011113
In base 13, what is -42c98 + -a70?
-43a38
In base 8, what is 1444 + -15247?
-13603
In base 13, what is -756883 + -b?
-756891
In base 8, what is 205005566 - 4?
205005562
In base 16, what is -11 - 2045?
-2056
In base 13, what is 735 - -6439?
6b71
In base 5, what 